hat is the units digit of h?
4
Let w(m) = -m**2 + 8*m - 2. Let q be w(7). What is the tens digit of (q - 8) + (22 - -2)?
2
Suppose 5*o = o - 36. Let d = 11 + o. What is the units digit of d?
2
What is the tens digit of 100/25 - (0 + -55)?
5
Let a(b) = -b + 17. Let j be a(11). Suppose 0 = -5*m + j + 9. Suppose 0 = -m*k - 2 + 59. What is the units digit of k?
9
Let k(u) = u**3 + 6*u**2 - 6*u + 5. Let l(t) = -t**3 + 9*t**2 - 2*t + 11. Let r be l(9). Let o be k(r). What is the units digit of 4/(o - 2*-2)?
2
Suppose 2*y - 13 = y. Let o be (-10)/4*(-1 + 3). Let n = y + o. What is the units digit of n?
8
Let q(f) = 3*f**3 - 9*f**2 + 12*f - 2. What is the tens digit of q(6)?
9
Suppose -5*q = 5, -3*q - 27 = -3*z - 0*q. What is the units digit of 86/z*(3 - -1)?
3
Let a(k) = k**3 - 10*k**2 + 9*k + 4. Let u be a(9). Let o = -3 - u. Let p = 14 + o. What is the units digit of p?
7
What is the tens digit of (-5 - 10)*78/(-15)?
7
Suppose -5*j + 46 = -2*c - 0, 4*c + 36 = 3*j. Let g = 19 - j. What is the tens digit of g?
1
What is the units digit of (3 - 168)/(2*6/(-8))?
0
Let s(k) = -57*k + 27*k - 3 + 31*k. Suppose -4*l + 6 + 10 = 0. What is the units digit of s(l)?
1
Let u be (1 + 1)*6/4. Suppose -3*r = 5*j + 29, -u*r + 0*r - 15 = 3*j. Let z = j + 10. What is the units digit of z?
3
Let r(u) = -5*u - 4. What is the tens digit of r(-3)?
1
What is the hundreds digit of (-4)/(-1 - 3) - -328?
3
Suppose -10 = 7*a - 2*a. What is the units digit of a/((1 - 2) + 0)?
2
Suppose -3*h + 33 = 2*o, 23 = 5*h - o - 19. Suppose 7*p = 8*p - 3. What is the units digit of 6 + (h - 0)/p?
9
Let i = -13 - -17. Suppose 3*h + 5*x - 26 = 0, -23 = -4*h - 0*h + 5*x. Let g = i + h. What is the tens digit of g?
1
Let a = 7 + -5. Suppose 0 = 3*q + a*q + 5. What is the units digit of q/(-3 - (-33)/12)?
4
Let t(i) = i**3 + 4*i - 5. What is the tens digit of t(2)?
1
Let g(t) = -t**3 + 7*t**2 + 3. Let a be g(7). Suppose -2*j + a = -2*f - 1, -f - 5*j = 2. Let v = f - -7. What is the units digit of v?
5
Suppose -2*t = -7*t - 3*y + 6, t - 2*y = 9. Suppose t*z = -2*z + 25. What is the units digit of z?
5
Suppose 0*m - 16 = -4*m. Suppose -m*z + 3*r + 141 = 0, -3*z = 2*r - 118 + 8. What is the units digit of z?
6
Suppose b - 55 = 5*n + 6*b, -n - 7 = 2*b. Let w = n - -25. Suppose 0 = -2*a - 0*a + w. What is the units digit of a?
5
Let v = 48 - 18. Let f be ((-4)/(-10))/(1/v). Let u = f + -7. What is the units digit of u?
5
Let g be (3 - 0/(-3)) + 27. Suppose 3*n - g = 2*n. Suppose 2*f - 5*f = -n. What is the units digit of f?
0
Suppose -85*x = -81*x - 152. What is the units digit of x?
8
Suppose d - 2 = 34. Let x = d - 13. What is the tens digit of x?
2
Let o be (-18)/4*32/(-24). Suppose 3*c - 19 = -u + o, -3*c + 5*u + 55 = 0. What is the tens digit of c?
1
Let w(o) = o**2 - 5*o - 13. Let q be w(6). What is the tens digit of (q/3)/(1/(-15))?
3
Let b = 9 + -9. What is the units digit of (-4)/(-2) - (1 + b)?
1
Let l(j) be the second derivative of -j**4/12 + 5*j**2 - 2*j. What is the tens digit of l(0)?
1
Let k be 2/(1/((-12)/(-8))). Suppose 1 = x, n - 2*x + 10 = k*n. What is the units digit of n?
4
Let y be -2 - (1 - 2)*1. Let q be y/(-2)*12/(-6). What is the units digit of (-25)/(-3) - q/(-3)?
8
Suppose -2*f + 44 = -6. Let z be ((-11)/(55/(-70)))/(-1). Let k = f + z. What is the tens digit of k?
1
Let j(t) = -3*t + 1. What is the tens digit of j(-16)?
4
Let c(g) = -4*g**3 + 4. Let q(d) = 2*d + 10. Let l be q(-6). What is the units digit of c(l)?
6
Suppose -80*n + 78*n = -692. What is the hundreds digit of n?
3
Suppose 0*w - 2*w + 186 = 0. Suppose -3*r - 12 = -w. What is the units digit of 141/r - 2/9?
5
Suppose -2*k = 2*k + 4*p - 32, 4*k = -5*p + 30. Let d be 2/(-5) - (-44)/k. Suppose 4*g + 28 = 2*o, -d*g = -o + 12 + 12. What is the units digit of o?
4
Let c(k) = -k**3 - 4*k**2 + 7*k - 1. What is the units digit of c(-7)?
7
What is the units digit of -4*(1/2)/(-1) + 124?
6
Let k(w) = w + 22. Let i be k(-12). Suppose -i - 17 = -p. What is the units digit of p?
7
Let a(v) = -v**3 - 11*v**2 - 11*v + 8. Suppose 2*c - 2*r + 20 = 0, 0*c + 4*r - 30 = 3*c. What is the units digit of a(c)?
8
What is the units digit of (-2)/14 + (-2552)/(-77)?
3
Suppose -2*j = 2*j. Let s be (-1*(0 - j))/2. What is the units digit of s/2 + -2 - -4?
2
Let f(a) = 3*a**2 - a - 1. Let i be (2/8)/(2/(-8)). Let y be f(i). Let d = y + -1. What is the units digit of d?
2
Suppose 2*a - 72 = -20. Suppose -3*y - a + 80 = 0. What is the units digit of y?
8
Let r(t) be the third derivative of -t**6/60 - t**5/30 - t**4/6 - t**3/3 - t**2. What is the tens digit of r(-2)?
1
Let j(h) = -2*h**3 - h**2 + 8*h + 14. What is the tens digit of j(-4)?
9
Let l(w) = 2*w**2 + 8*w - 1. Let g(t) = -t**2 - 9*t + 2. Let s(u) = -3*g(u) - 2*l(u). What is the units digit of s(7)?
4
Let x(s) = 2*s**2 - 27. What is the units digit of x(-7)?
1
Let u be (-5)/((-2 - -1) + 0). Let p be (-324)/(-10) - 2/u. Suppose 8 = 5*t - f - 43, 0 = -3*t + 2*f + p. What is the tens digit of t?
1
Let d = -51 + 36. What is the units digit of (10/d)/(1/(-3))?
2
Let t = -9 + 5. What is the units digit of t/(-18) + (-75)/(-27)?
3
Suppose 3*x + 18 = 6, 3*x - 1403 = -5*w. What is the tens digit of w?
8
Let g(w) = w**3 + 6*w**2 + 6*w + 2. Let y be g(-4). Suppose 3*v + 5*r - 50 + y = 0, 5*v + 2*r = 35. What is the units digit of v?
5
What is the tens digit of (-529)/(-5) + (-4)/(-20)?
0
Suppose -5*s = 2*v + v - 932, 4*s - 620 = -2*v. What is the units digit of v?
4
Suppose 6*r + 135 - 723 = 0. What is the units digit of r?
8
Let y(v) = v**2 - 7*v - 6. Let a be y(8). Suppose 3 + a = 5*t - 3*p, -2*p = 3*t - 3. What is the units digit of (t - -7) + (-2 - 0)?
6
Suppose -5*v = -2*x - 0*v - 19, -12 = -4*v. Let z be (-1)/2 + 429/2. What is the units digit of x/7 - z/(-14)?
5
Suppose -2*k = 3*s - 8, -2*k + 12 = k. What is the tens digit of 26 + s + 8/2?
3
Let m(n) = n**2 + 10*n - 9. Let g be m(-11). Suppose u = g - 3. Let v(o) = o**2 - o. What is the units digit of v(u)?
2
Let x(q) = -125*q - 4. Let b be x(-3). Suppose b = 6*d + d. What is the tens digit of d?
5
Let s be (-2)/(-8) - 14/(-8). Suppose -x - 3*y = -5*x + 37, 29 = 3*x - s*y. What is the tens digit of x?
1
Suppose -2*n - 4*t + 460 = 0, 955 = 5*n - 5*t - 255. What is the units digit of n?
8
Let z(x) = x**3 + 22*x**2 + 20*x - 11. What is the units digit of z(-21)?
0
Let a(b) = -b**2 + 6*b - 4. Let s be a(4). Suppose -k = -5*d + 4 + 2, -s*k + 81 = d. Let i = k - 11. What is the units digit of i?
8
Suppose 0 = a - 2 - 16. Suppose x - a = 21. What is the units digit of x?
9
Let t be 0/(-1)*2/(-4). What is the tens digit of 0 + -2 + (18 - t)?
1
Suppose -3*g = -11*g + 680. What is the units digit of g?
5
Let i(m) = m - 7 + 0 - 5*m. What is the units digit of i(-6)?
7
Suppose 13*n - 11*n = 34. What is the units digit of n?
7
Suppose -3*k + 294 = -0*k. Suppose q - 27 = 5*g + 22, 0 = 2*q + 5*g - k. What is the tens digit of q?
4
Suppose -2*r - 64 = -2*w, 0 = w + r + 4*r - 56. What is the tens digit of w?
3
Let u(d) = d**3 - 3*d**2 - 2. Let g be u(4). Suppose 5*c - 95 = p, -c - p - 1 = -g. What is the tens digit of c?
1
What is the units digit of (-9 + 5)/(4*2/(-52))?
6
Suppose 1343 = 10*u - 107. What is the tens digit of u?
4
Let r = -23 + -7. Let u = 57 + r. What is the units digit of u?
7
Let o(t) = 3*t - 1. Let n(k) = -k**2 - 7*k - 7. Let h be n(-5). Suppose 2*q - 3 = h. What is the units digit of o(q)?
8
What is the tens digit of (2 - -113)*18/15 + -1?
3
Suppose 0*s = 3*s - k + 3, 5*s - 5*k - 5 = 0. Let x be (-22)/(-4) + 2/(-4). Let w = x + s. What is the units digit of w?
3
Suppose 3*p = -4*c + p + 122, 4*p = 5*c - 120. Suppose 3*k - 2 - c = 0. What is the units digit of k?
0
Let p(g) = g. Let l be p(-3). What is the tens digit of 15 + 0 + (l - -2)?
1
Suppose -4*u + m + 0*m + 33 = 0, 3*u + 5*m + 4 = 0. What is the units digit of u?
7
Suppose 0 = 5*b + 5*g - 45, 0*b + 5*g = b - 33. What is the units digit of b?
3
Let k(x) be the first derivative of x**3/3 + 15*x**2/2 - 15*x + 7. What is the units digit of k(-16)?
1
Let o(f) = 5*f**3 - f**2 + 9*f. Let l(x) = -9*x**3 + x**2 - 18*x + 1. Let p(k) = -6*l(k) - 11*o(k). What is the tens digit of p(6)?
1
Let n = -131 - -275. What is the tens digit of n?
4
Suppose -14 + 4 = -5*f. Suppose i - o + 8 